-155
Let c(z) = 265*z**2 - 1854*z + 2. Give c(7).
9
Let f(j) = 8*j - 200. What is f(27)?
16
Let f(y) = y**3 - 13*y**2 - 8*y + 28. Determine f(10).
-352
Let z(l) = l**2 - 23*l - 205. Calculate z(30).
5
Let p(v) = 3*v**3 - 427*v**2 - 277*v - 1234. Calculate p(143).
53
Let a(t) = 37*t**2 - 269*t + 143. Give a(7).
73
Let y(c) = -75*c - 3377. Give y(-45).
-2
Let y(s) = -704*s + 7745. Calculate y(11).
1
Let c(u) = 25*u - 125. Determine c(6).
25
Let w(k) = 13399*k - 26801. Determine w(2).
-3
Let y(v) = -2*v**3 + 9*v**2 + 19*v + 7. Calculate y(7).
-105
Let o(m) = -m - 18. What is o(-37)?
19
Let j(b) = 1029*b - 19605. Calculate j(19).
-54
Let i(n) = 14*n - 100. Give i(-7).
-198
Let z(h) = 14*h + 630. Calculate z(-53).
-112
Let i(b) = -372*b + 120906. What is i(325)?
6
Let x(c) = 2*c**3 + 37*c**2 + 156*c - 70. What is x(-8)?
26
Let r(k) = k**3 + 13*k**2 - 508*k - 40. Calculate r(17).
-6
Let n(q) = 218*q + 412. Calculate n(-1).
194
Let b(s) = s**2 + 946*s - 4740. Calculate b(5).
15
Let q(w) = 5*w**2 - 136*w - 6. Calculate q(24).
-390
Let w(f) = f**3 - 37*f**2 + 95*f - 3605. Calculate w(37).
-90
Let g(o) = -23*o**2 - 178*o + 40. What is g(-8)?
-8
Let d(n) = -n**3 + n**2 + n - 27. Determine d(-7).
358
Let p(w) = 5*w**2 - 167*w + 1351. Determine p(20).
11
Let p(g) = 3*g**3 + 170*g**2 + 113*g + 65. Calculate p(-56).
9
Let l(j) = 5*j**2 + 3609*j - 3611. Give l(1).
3
Let v(f) = 173*f - 3592. Give v(21).
41
Let a(j) = -j**3 - 11*j**2 - 24*j + 1. What is a(-8)?
1
Let u(q) = -q**2 + q + 41. Give u(7).
-1
Let y(l) = 64*l + 248. What is y(-4)?
-8
Let q(c) = 5*c**3 - 22*c**2 - 16*c + 9. Calculate q(5).
4
Let p(f) = -f**2 - 12*f - 28. Calculate p(-6).
8
Let i(d) = 2*d**2 - 25*d - 13. Give i(13).
0
Let q(l) = -l**2 + 25*l - 88. Give q(23).
-42
Let m(i) = 2*i**3 - 16*i**2 - 26*i - 14. Determine m(10).
126
Let t(l) = l**3 - 11*l**2 + 22*l - 1. Calculate t(9).
35
Let g(z) = -10*z**2 + 103*z + 12. What is g(10)?
42
Let j(t) = 170*t - 24305. What is j(143)?
5
Let c(y) = 13*y**2 + 277*y - 481. Give c(-23).
25
Let c(z) = -z**3 + 8*z**2 + 34*z - 146. Give c(3).
1
Let h(q) = -47*q**2 + 5*q + 56. Give h(-4).
-716
Let p(t) = t**2 - 60*t - 20. Determine p(59).
-79
Let u(l) = -2*l**2 + 92*l - 1069. Calculate u(25).
-19
Let u(c) = -3*c**2 + 90*c + 300. Determine u(35).
-225
Let v(u) = -2*u**2 + 21*u + 12. Give v(14).
-86
Let a(t) = 3933*t - 51120. Determine a(13).
9
Let r(m) = 10869*m - 10863. What is r(1)?
6
Let o(z) = -3*z**2 - 30*z + 57. Determine o(-13).
-60
Let v(w) = -22*w - 1. Give v(-1).
21
Let p(x) = 405*x + 72091. Determine p(-178).
1
Let z(y) = -y**3 + 42*y**2 + 21*y - 354. Determine z(42).
528
Let a(q) = -1909*q + 22. Give a(0).
22
Let k(r) = 2*r**3 + 26*r**2 + 11*r - 43. Calculate k(-12).
113
Let q(n) = -344*n - 6929. What is q(-20)?
-49
Let v(y) = -y**3 - 5*y**2 + 7*y - 30. What is v(6)?
-384
Let s(n) = n**3 + 5*n**2 - 2*n - 15. Determine s(3).
51
Let k(b) = -86*b - 2230. Calculate k(-26).
6
Let h(u) = 6*u**3 - 68*u**2 + 34*u - 112. What is h(11)?
20
Let i(h) = -19*h**2 + 65*h - 383. Calculate i(6).
-677
Let i(l) = 123*l + 1510. What is i(-12)?
34
Let r(m) = 2*m**2 - 75*m + 108. What is r(36)?
0
Let o(f) = f**3 - 10*f**2 + 9*f - 7. Give o(10).
83
Let o(s) = -s**3 - 30*s**2 + 28*s - 100. Calculate o(-31).
-7
Let s(u) = -u**3 - 9*u**2 + 33*u + 2. What is s(0)?
2
Let b(d) = 34*d + 97. Give b(-11).
-277
Let m(n) = 4*n**3 + 106*n**2 - 175*n + 56. What is m(-28)?
252
Let b(i) = -33*i**3 + 164*i**2 + 5*i + 17. What is b(5)?
17
Let d(i) = 2*i**3 + 95*i**2 - 37*i + 523. What is d(-48)?
-5
Let f(q) = -q + 30. Calculate f(22).
8
Let u(x) = 2*x**2 - 233*x - 1082. Give u(121).
7
Let k(g) = g**2 - 547*g + 15013. Calculate k(29).
-9
Let d(c) = 2*c**2 - 31*c + 54. Determine d(15).
39
Let o(v) = -61*v**2 + 4*v - 10. Give o(1).
-67
Let x(a) = -3*a**3 + 83*a**2 - 124*a - 111. Calculate x(26).
45
Let s(r) = -r**2 - 558*r - 17820. Give s(-524).
-4
Let x(k) = -k**3 + 3*k**2 + 20*k - 11. Determine x(7).
-67
Let r(f) = f**3 + 10*f**2 - 13*f + 11. Calculate r(-13).
-327
Let f(y) = 3*y**3 - 74*y**2 - 150*y + 7. Give f(-2).
-13
Let a(q) = q**3 + 93*q**2 + 442*q + 184. Give a(-88).
8
Let c(m) = 14*m**2 - 91*m - 29. Determine c(7).
20
Let z(h) = -h**2 - 57*h + 243. Calculate z(4).
-1
Let m(y) = -13*y**2 - 32*y. Determine m(-9).
-765
Let k(x) = x**3 - 10*x**2 + 67*x - 240. Determine k(5).
-30
Let l(z) = 24*z**3 - z**2 - 4*z - 6. Give l(-1).
-27
Let x(w) = 10*w**2 - 413*w + 119. Give x(41).
-4
Let v(r) = 129*r - 7549. What is v(59)?
62
Let t(j) = 2*j**2 + 55*j - 70. Give t(-29).
17
Let p(r) = -99*r - 2015. Determine p(-20).
-35
Let y(k) = k**3 - 10*k**2 + 21*k - 102. Determine y(9).
6
Let h(i) = -10*i**2 - i + 1. Determine h(0).
1
Let q(p) = 3*p**2 + 30*p + 86. What is q(-8)?
38
Let d(q) = -2*q**2 + 76*q - 81. Determine d(37).
-7
Let b(m) = 2*m**2 + 35*m + 9. Give b(-18).
27
Let b(m) = -51*m**2 - 4*m + 23. Determine b(2).
-189
Let q(l) = l**2 - 4*l + 7. Calculate q(-16).
327
Let a(h) = -134*h + 1309. What is a(10)?
-31
Let l(x) = -x**3 + 7*x**2 - 40*x + 110. Determine l(4).
-2
Let g(j) = -j**2 - 21*j - 27. What is g(-21)?
-27
Let t(c) = c**3 + 24*c**2 - 9*c + 395. Calculate t(-25).
-5
Let q(d) = -212*d + 203. Determine q(1).
-9
Let c(v) = 37*v**3 - 7*v**2 - 3*v + 1. Calculate c(-1).
-40
Let v(p) = p**3 + 22*p**2 + 84*p + 1. Determine v(-14).
393
Let f(r) = -r**3 - 4*r**2 + 52*r + 250. Give f(-4).
42
Let m(a) = 7*a**3 - 377*a**2 - 51*a - 159. Give m(54).
3
Let d(x) = 4*x**2 + 100*x + 444. Determine d(-6).
-12
Let m(p) = 357*p - 1436. What is m(4)?
-8
Let j(a) = -2*a**3 - 8*a**2 - 17*a + 9. Calculate j(4).
-315
Let d(w) = 4*w**3 - 13*w**2 + w + 4. Calculate d(3).
-2
Let d(o) = -36*o**3 + 3*o**2 - 2*o - 1. Give d(1).
-36
Let o(f) = 26*f - 225. Give o(8).
-17
Let p(g) = -g**3 - 24*g**2 + 51*g + 49. What is p(-26)?
75
Let h(x) = -2*x**2 + 32*x - 141. Calculate h(8).
-13
Let r(c) = -15*c**3 + 177*c**2 + 49*c - 154. Give r(12).
2
Let h(l) = -l**3 + 21*l**2 + 2*l + 6. Determine h(21).
48
Let t(n) = n**3 + 24*n**2 - 51*n + 56. Give t(-26).
30
Let m(i) = -12*i**2 - 78*i. What is m(-6)?
36
Let l(x) = 2*x**3 - 241*x**2 + 121*x - 129. What is l(120)?
-9
Let h(r) = -r**3 + 5*r**2 + 419*r - 1262. What is h(3)?
13
Let t(x) = 2*x**2 - 86*x + 874. What is t(16)?
10
Let t(d) = d**2 + 183*d + 4939. Determine t(-150).
-11
Let n(r) = 59*r + 1038. Give n(-21).
-201
Let t(l) = -l**3 + 28*l**2 - 44*l - 82. Give t(26).
126
Let q(u) = -101*u + 339. Calculate q(4).
-65
Let u(w) = -2*w**3 - 41*w**2 + 23*w + 90. Calculate u(-21).
48
Let n(m) = 11*m + 35. Give n(8).
123
Let y(z) = 28*z + 199. Determine y(-7).
3
Let x(y) = -185*y - 934. Calculate x(-5).
-9
Let x(p) = -p**3 - 28*p**2 + 63*p + 54. What is x(-30)?
-36
Let r(a) = 246*a**2 - 5666*a + 189. Determine r(23).
5
Let q(x) = -39*x**2 - 647*x + 5. Determine q(-17).
-267
Let r(u) = u**3 - 41*u**2 - 35*u - 290. Calculate r(42).
4
Let v(b) = b**2 + 10*b - 90. Give v(4).
-34
Let o(y) = -312*y - 2550. Calculate o(-8).
-54
Let t(o) = o**3 + 16*o**2 + 24*o - 201. Determine t(-13).
-6
Let y(j) = -46*j - 37. What is y(-2)?
55
Let c(z) = 115*z - 206. Calculate c(3).
139
Let i(c) = -c**2 - 34*c + 457. What is i(10)?
17
Let c(f) = -48*f - 202. Determine c(-3).
-58
Let u(k) = k**2 - 2*k + 29. Give u(3).
32
Let v(y) = y**3 - 271*y**2 - 241*y - 8426. What is v(272)?
6
Let j(l) = 7*l**3 + 1262*l**2 + 360*l - 7. Calculate j(-180).
-7
Let l(b) = 767*b + 6916. Calculate l(-9).
13
Let x(p) = 35*p + 540. What is x(-15)?
15
Let h(d) = -6*d**2 - 2. What is h(-4)?
-98
Let x(q) = 419*q**2 + 25*q - 7. Determine x(1).
437
Let o(n) = n**3 + 5*n**2 - 27*n + 10. Give o(4).
46
Let m(q) = -q**2 - 48*q + 286. Determine m(6).
-38
Let u(k) = 11*k + 781. Determine u(-70).
11
Let x(s) = 5*s**2 - 101*s - 99. Determine x(22).
99
Let y(k) = -4*k**3 + 20*k**2 + 41*k - 109. Give y(6).
-7
Let k(n) = 44*n**3 - 305*n**2 - 20*n - 1. Calculate k(7).
6
Let q(y) = 26*y**2 - 12*y - 160. Calculate q(-5).
550
Let b(h) = 16*h - 884. Calculate b(58).
44
Let s(t) = -t**2 - 31*t + 96. Determine s(-29).
154
Let g(m) = 3*m**3 - 418*m**2 - 277*m - 423. Determine g(140).
-3
Let w(i) = i**3 + 58*i**2 - 128*i - 411. Give w(-60).
69
Let d(g) = 25*g - 536. Calculate d(26).
114
Let x(m) = 7*m**3 + 538*m**2 - 83*m - 455. Give x(-77).
7